60, -2*b + z = -205. Calculate the remainder when b is divided by 26.
23
Let h = 52 + -30. Calculate the remainder when 79 is divided by h.
13
Suppose 3*m + y - 98 = 0, -3*m + 77 = -5*y + 9. Calculate the remainder when 59 is divided by m.
28
Let f(i) = 6*i**2 + i. Let p be f(-1). Suppose 4*k + 13 - 1 = -4*c, 5*k - 15 = p*c. What is the remainder when (-2)/((-4)/42) + k is divided by 11?
10
Suppose -2*n = -2*c - 0*c + 40, -25 = 5*n. Calculate the remainder when 17 is divided by c/(-20) - 39/(-4).
8
Suppose 0*r + r = 3. Let c(y) = y**2 + 7*y - 5. Let p be c(-8). Suppose -n = -p*u - 13, -4*u - u - 17 = -n. What is the remainder when n is divided by r?
1
Let u(z) = z**3 + 19*z**2 - 26*z - 28. What is the remainder when u(-20) is divided by 24?
20
Suppose 0*d - 2*d - 4 = v, -d + 4 = 2*v. Suppose 0 = -3*b + v + 71. Calculate the remainder when b is divided by 9.
7
Suppose 4*r - 146 = 202. What is the remainder when r is divided by 15?
12
Suppose -n - 2 - 1 = 0. Let h = -2 + 13. What is the remainder when n/(-12) - (-83)/4 is divided by h?
10
Suppose 200 = -0*z + 4*z. Suppose 3*x - z = -c, -70 + 30 = -x - 5*c. Calculate the remainder when 58 is divided by x.
13
Let c(n) = -n**2 - 5*n - 4. Let m be c(-3). What is the remainder when (-56)/(-9) - 6/27 is divided by 3*-1*m/(-3)?
0
What is the remainder when (-3)/6*0 - -7 is divided by 3?
1
Suppose 2*c + 10 - 28 = 0. What is the remainder when c is divided by 5?
4
Let m(g) = -g**3 + 4*g**2 + 5*g + 4. Let o be m(5). Suppose f + 0*s - 11 = -4*s, -25 = -3*f - o*s. What is the remainder when 19 is divided by f?
5
Let x = -5 - -10. What is the remainder when 17*(-1)/(-3)*3 is divided by x?
2
Let z be -1 - (0 + -1) - 11. Calculate the remainder when 40 is divided by 156/11 + 2/z.
12
Let r = -80 - -111. What is the remainder when r is divided by 7?
3
Suppose 0 = v - 3*a - 0*a - 46, 12 = 3*a. Calculate the remainder when v is divided by 30.
28
Let j(g) = g**2 - 3*g - 1. Let n be j(3). Let o(u) = u**2 - 2*u + 2. Let b be o(-4). What is the remainder when ((b*1)/(-2))/n is divided by 5?
3
Let l(v) = -v + 2*v - 5*v + 1 - v**2 + 5*v**2. What is the remainder when l(-3) is divided by 13?
10
Suppose -a + 5 - 4 = 0, -5 = -3*n + a. Let z = 0 - -2. What is the remainder when z is divided by n?
0
Suppose -5*a = -60 + 10. Let s be (25/a)/((-1)/10). Let l = 35 + s. What is the remainder when 19 is divided by l?
9
Let y(r) = 3*r - 6. Let h(o) be the second derivative of -o**3/3 + o**2 + 2*o. Calculate the remainder when h(-7) is divided by y(5).
7
Suppose 33 = 7*z - 23. Calculate the remainder when 36 is divided by z.
4
Suppose 8 = 5*g - 52. What is the remainder when (2 - (-38)/2) + 1 is divided by g?
10
Suppose -2*g - 150 = -4*a, 7*a = 2*a - 5*g + 150. Let n(c) = -4*c - 4. Let q be (-20)/6 + 4/(-6). What is the remainder when a is divided by n(q)?
11
Let w be ((-154)/(-6))/((-1)/3). Let n = w + 112. What is the remainder when n is divided by 12?
11
Let q = -2 + 7. Suppose i - g - 6 = -0*i, 12 = 3*i - q*g. Calculate the remainder when 25 is divided by i.
7
Let m be (-6)/21 + (-4)/(-14). Let u = 0 - m. What is the remainder when 1 + u + -2 + 9 is divided by 5?
3
Let g(k) = 5*k**3 - k**2. Let m be g(1). Suppose 0 = -q + m*q - 6. Calculate the remainder when (-2 + -28)/(1 - q) is divided by 16.
14
Suppose -3*q = -7 - 23. Suppose -u = -2*f - 2, 0 = 5*u - f - 3*f - q. Suppose -4*i + 2 + 6 = 0. What is the remainder when i is divided by u?
0
Suppose t - 5*t = -20. Calculate the remainder when 23 is divided by t.
3
Suppose -3*w = -o - 157, 43 + 67 = 2*w - 2*o. Calculate the remainder when w is divided by 18.
15
Suppose -8 = u + 6. Calculate the remainder when 22 is divided by (24/28)/((-2)/u).
4
Let i(p) = -p + 3. Let k be i(6). What is the remainder when -2*(2 + -1 + k) is divided by 3?
1
Let y be 8/16 - 6/4. Let t(g) = -30*g**3 - g**2 + 1. What is the remainder when t(y) is divided by 16?
14
Let y(g) = 6*g**3. Suppose -m + 3 = 2*m. Let k(d) = 18*d**2 - 1. Calculate the remainder when k(-1) is divided by y(m).
5
Suppose -2*o + 1 = -5. Suppose o*f + f - 12 = 0. What is the remainder when f is divided by 1?
0
Let l(s) = -s**2 - 7*s + 4. Calculate the remainder when 7 is divided by l(-7).
3
Suppose -121 = -3*s + 5*w, -7 = -s - 0*s - 5*w. Calculate the remainder when s is divided by 11.
10
Let t(d) = -d + 0*d**2 - d**2 - 22 - 26. Let w be t(0). Let j = -33 - w. What is the remainder when 28 is divided by j?
13
Suppose 5*p - 14*p = -288. What is the remainder when 115 is divided by p?
19
Let h = -59 - -82. What is the remainder when 66 is divided by h?
20
Suppose -m = -0*m - 27. Let i = -30 - -12. Let g = m + i. Calculate the remainder when g is divided by 5.
4
What is the remainder when ((-1290)/(-45))/(2/12) is divided by 44?
40
Suppose 0*z - 2*z = -40. Let i be 6*((-2)/3)/(-2). Suppose 27 = i*k - 127. Calculate the remainder when k is divided by z.
17
Let b be 0 - (-3)/((-6)/(-8)). Suppose 3*w - 12 = -3, -4*a + b*w + 4 = 0. What is the remainder when 1/2*a + 16 is divided by 10?
8
Suppose -5*k + 95 = 15. Let b be (-2)/(-1 - (-27)/30). Suppose 2*x + 0*n - b = -4*n, 20 = 4*x - 2*n. What is the remainder when k is divided by x?
4
Let s(r) = r - 1. Let b(o) = o - 9. Let g(d) = -b(d) + 2*s(d). What is the remainder when 25 is divided by g(6)?
12
Let q(a) be the third derivative of a**4/12 - 5*a**3/6 - 3*a**2. Suppose 2*h + j - 4*j - 1 = 0, -1 = h - 3*j. Calculate the remainder when q(5) is divided by h.
1
Let h be 24*(-4)/(-6)*1. Let s = 26 - h. What is the remainder when 19 is divided by s?
9
Let x(f) = -f**2 + 4*f + 134. Calculate the remainder when x(0) is divided by 27.
26
Let w(x) be the third derivative of -x**4/24 + x**3/2 - 7*x**2. Let z(b) = -b**3 - 4*b**2 + 4. Let q be z(-3). What is the remainder when 23 is divided by w(q)?
7
Suppose 22*q = 26*q - 16. Calculate the remainder when 10 is divided by q.
2
Let i(h) = -h + 2. Let x(f) = 1. Let k(a) = -i(a) - 4*x(a). Calculate the remainder when 16 is divided by k(12).
4
Let j = -3 - 3. What is the remainder when j/27 + (-1464)/(-27) is divided by 14?
12
Suppose 0 = 4*m + m - 15. Let o = 6 + -2. Suppose o*x = b + 16, 6*b - 2*x - 2 = 3*b. What is the remainder when b is divided by m?
1
What is the remainder when (444/(-15))/((-2)/15*3) is divided by 15?
14
Suppose -4*x = -r + 28, 0*x - x - 3*r - 20 = 0. What is the remainder when 16 is divided by 1*6 - 24/x?
7
Let n = -109 + 117. Calculate the remainder when 14 is divided by n.
6
Suppose -5*t - 1 = -2*o - 127, -o + 28 = t. Calculate the remainder when 75 is divided by t.
23
Suppose -o + 0*o + 24 = 0. Let t(i) = -i**3 - 11*i**2 - 5*i + 16. What is the remainder when t(-11) is divided by o?
23
Let t = 7 + -11. Calculate the remainder when 102/4 - (-2)/t is divided by 7.
4
Suppose -5*q + 110 = 25. Let d = 16 - -33. Calculate the remainder when d is divided by q.
15
Suppose 0 = -0*u - u - 4*s + 15, -5*u + 2*s = -97. Calculate the remainder when 73 is divided by u.
16
Let t = -53 - -76. Let u(z) = -2*z**2 + 1. Let x be u(1). What is the remainder when t is divided by (-40)/25*5*x?
7
Suppose -5*w + 38 - 3 = 0. What is the remainder when 6/36*6*25 is divided by w?
4
Let x = -8 - -11. Suppose -3*f - x = -24. Let j = 12 - f. Calculate the remainder when 8 is divided by j.
3
Suppose -v = 4*q - 8, 0*v - 2*v + q = -7. Suppose 5*l = -4*k - 56 + 222, -v*k = -4*l + 140. Let n = -6 + 15. Calculate the remainder when l is divided by n.
7
Let q be ((-22)/(-6) + -3)*3. Calculate the remainder when 49 is divided by (26/4)/(q/4).
10
Let j = -8 - -94. Suppose -105 = -4*n + 3*c - 17, 4*c = -4*n + 88. Calculate the remainder when j is divided by n.
20
Let m(v) = -v**2 + 6*v + 7. Suppose a = -3*u + 4*u + 8, 5*u + 5 = 0. Let z be m(a). Suppose z = -0*s - s + 9. Calculate the remainder when 25 is divided by s.
7
Suppose 0 = 2*v - 4*v + w + 16, -w = 2. What is the remainder when 54 is divided by v?
5
Suppose 0 = -5*t + 3*h + 77, 0*h + 73 = 5*t - 2*h. Calculate the remainder when 16 is divided by t.
3
Suppose 663 = 5*i + 2*v + 23, -5*v = -i + 128. What is the remainder when 65 is divided by (-16)/(-24) + i/6?
21
Suppose 5*x - x = 36. Let h = x + 10. Calculate the remainder when 74 is divided by h.
17
Let w(v) = v**2 - 2*v - 5. What is the remainder when 7 i